se -63 = -s*m + m. Let w = m - 13. Calculate the highest common factor of 20 and w.
4
Let a = 153 - 62. What is the greatest common factor of 7 and a?
7
Let r(w) = -w - 7. Let x be 70/(-5)*2/4. Let p be r(x). Let b be (-1 + -34)/(-1 + p). What is the greatest common divisor of 7 and b?
7
Suppose -16 = -4*t + 4*p, 3*p + 20 = 5*t - p. Let y(z) = 5*z**3 - 2*z**2 + 7*z - 2. Let u be y(2). Calculate the greatest common factor of t and u.
4
Suppose 3*p = 2 + 7. Let n(u) = 3*u + 2*u**2 + 2 - u**3 - p*u**3 + 0*u. Let h be n(-2). What is the greatest common divisor of h and 12?
12
Let t(w) = -w**3 + 5*w**2 - 3*w - 4. Suppose 3*v = -1 + 13. Let k be t(v). Suppose k = -5*p + 175 + 145. What is the highest common factor of p and 8?
8
Suppose 0 = 5*a - 7*a - 30. Let p(y) = 2*y**2 - 9*y + 3. Let d be p(6). Let u = d + a. Calculate the greatest common factor of u and 24.
6
Let d = 3 - -28. Suppose 2*x - 21 = d. Calculate the highest common factor of x and 13.
13
Let g be -1 + 8 - (14 + -17). What is the highest common divisor of 10 and g?
10
Suppose -4*l + 16 = 4. Suppose l*x + 28 = 5*u - 117, 0 = -5*x - 25. Calculate the highest common factor of u and 39.
13
Suppose -108 = a + 4*o - 3*o, -o = -2. Let i = a - -230. Suppose -4*k - 185 = -4*t - 9, i = 3*t + 3*k. Calculate the highest common factor of t and 6.
6
Let w be 20*(-1)/(-5)*22. Suppose 11*f - 10*f = 11. Calculate the highest common factor of w and f.
11
Let h be 3/((-4)/4) - -7. Calculate the greatest common divisor of h and 12.
4
Suppose -3*h + 63 = 3*c, -87 = -5*h + 2*c - c. Calculate the highest common factor of h and 12.
6
Let o = -29 - -32. What is the highest common divisor of o and 9?
3
Let k be 6/12 - (-4)/8*49. What is the highest common factor of k and 125?
25
Let h be -4 + -3 + 15/3. Let t(n) = -2*n**3 - n - 2. Let x be t(h). Suppose k = 46 - 14. What is the greatest common factor of x and k?
16
Suppose 0 = -0*k - 5*k + 10. Let h(t) = 7*t - 1. Let o be h(k). What is the highest common divisor of o and 65?
13
Let d(f) = 25*f - 30*f - 31*f. Let z be d(-1). Suppose 0 = -2*u + 3*u - z. What is the greatest common factor of u and 4?
4
Suppose -18 = -14*t + 12*t. Calculate the highest common factor of 3 and t.
3
Suppose 2*p + 600 = 7*p. Calculate the highest common factor of 24 and p.
24
Suppose 0 = a - 4*a + 1266. Suppose 4*v = 5*l - 89 - 324, -v - a = -5*l. Calculate the highest common factor of l and 17.
17
Let f(j) = j**3 + 4*j**2 + 4. Let g be f(-4). Suppose g*v + 35 - 455 = 0. Calculate the highest common factor of 21 and v.
21
Let c = -16 - -26. Let g = c - -26. What is the greatest common divisor of g and 9?
9
Suppose -326 = -x - 3*x - 2*d, 0 = -2*x + 4*d + 148. Calculate the highest common divisor of x and 10.
10
Let a = 8 - -4. Let m = 18 + -15. Suppose -4*q = -g + 14, -5*g + 0*q - m*q = -162. Calculate the highest common factor of g and a.
6
Suppose 33 = 9*v - 12. Calculate the greatest common divisor of v and 15.
5
Let u = 10 + -6. Let r(c) = 12*c + 1. Let x be r(u). What is the highest common factor of 7 and x?
7
Suppose -5*g - 5*r + 53 = -72, 78 = 3*g + 4*r. What is the highest common divisor of 55 and g?
11
Suppose 4*v + 3 = -f - 13, -3*v = -4*f + 31. Suppose 5*g + 0*g - 91 = -n, 455 = 5*n - f*g. What is the greatest common factor of 13 and n?
13
Let x = -220 - -436. What is the greatest common factor of 8 and x?
8
Let z(t) = -t**3 + 7. Suppose -5*h + h = 0. Let g be z(h). What is the highest common factor of g and 28?
7
Let s be 0 - -1 - -9*2. Suppose -z - 3*z = -836. What is the highest common divisor of z and s?
19
Let t = -2 - -7. Suppose 26 = -t*m + 116. Calculate the highest common factor of 54 and m.
18
Let d = 5 + -3. Let c(x) = -2*x + 2*x**2 - x**d + 4 - x**3 + 3*x**2. Let k be c(3). Calculate the greatest common divisor of k and 56.
7
Let i = 22 + 30. Let w = i + -19. Let a = 11 - 8. What is the highest common divisor of a and w?
3
Suppose -v = -3*p - 13, -2*p + 5*v = 3*p + 25. Let o be p/12 + (-286)/(-3). What is the greatest common factor of o and 19?
19
Let f be 4140/150 - 4/(-10). What is the highest common factor of f and 140?
28
Suppose -69*y + 67*y = -8. What is the greatest common divisor of 12 and y?
4
Suppose -m + 2*l = -0*m - 19, -m = l - 16. Let q be ((-2)/(-4))/(3/204). Let g be (1 + (-3)/(-6))*q. Calculate the highest common divisor of m and g.
17
Let q = 140 + -333. Let m = 312 + q. Let l(a) = 17*a**3 - a + 1. Let v be l(1). What is the greatest common factor of m and v?
17
Suppose c - 1 = 8. Let y(o) = o**2 + o + 21. Let w be y(0). Let x = w - c. What is the highest common factor of x and 132?
12
Suppose 2*b = -5*q + 10, 0*q + 28 = 3*b + q. Suppose 2 - b = -m. What is the greatest common factor of m and 20?
4
Suppose -4 = -4*o + f, 5*o - 3 = -3*f + 19. Let a = o + 1. Let v = 19 - a. What is the highest common factor of 4 and v?
4
Let h(p) = -p**2 - 5*p + 24. Let c be h(-7). What is the greatest common divisor of c and 5?
5
Let y(c) = c**2 - 5*c - 4. Let s be y(4). Let r = s + 17. Calculate the greatest common divisor of r and 45.
9
Suppose 0 = 2*m - 2, -3*s - 2*m + 10 + 7 = 0. Calculate the greatest common factor of s and 5.
5
Suppose 4*r + 173 = 5*j, -j + 3*r = r - 37. Calculate the greatest common divisor of 11 and j.
11
Suppose c = 4 - 1. Suppose 5*a = -4*t + 48 + 100, 4*t = -c*a + 84. Let j(s) = s + 9. Let q be j(-5). What is the greatest common factor of a and q?
4
Let i be ((-15)/9)/((-1)/36). Calculate the greatest common divisor of i and 24.
12
Let v be (3/(-6))/((-1)/(-102)*-3). What is the highest common divisor of 34 and v?
17
Let q be (-2)/(-7) - (-160)/28. Suppose 0 = 3*m + 2*m - 5. What is the highest common divisor of q and m?
1
Let j(x) = -x**3 - 4*x**2 - 3*x + 2. Let o be 26/(-10) - 2/5. Let p be j(o). Calculate the greatest common divisor of 14 and p.
2
Suppose -3*k = -2*k + 194. Let r = -90 - k. Let q(f) = -f**2 - 9*f + 13. Let h be q(-9). Calculate the greatest common divisor of r and h.
13
Let w(s) = -4*s - 12. Let i be -1 + (-3)/1 + 13. Let z be 34/(-3) - 6/i. Let k be w(z). What is the greatest common factor of 54 and k?
18
Let q(c) = 9*c**3 - c**2 - c + 1. Let n be q(1). Calculate the highest common factor of n and 72.
8
Let z(y) = y**3 - 4*y**2 - y - 7. Let q be z(5). What is the greatest common divisor of 13 and q?
13
Let c(r) = -2*r**2 + 2*r + 208. Let z be c(0). Let f = -8 + 34. What is the highest common factor of z and f?
26
Let x = -344 - -487. Suppose -2*j + 5*r + 46 = 0, -2 + 21 = 3*j + 5*r. What is the greatest common divisor of j and x?
13
Let k be (-1 - -4)/((-12)/(-16)). Suppose 0 = -k*j + 3 + 17. Calculate the greatest common divisor of j and 5.
5
Suppose -s + 0*s = -2*d + 19, 0 = 2*s - 2. Let y be (4 - 1)*d/6. Let t be (-2 - -1)/(1/(-45)). What is the greatest common divisor of y and t?
5
Suppose -5*x = -3*y + 34, -4*y + 5*x - 4*x + 17 = 0. What is the greatest common divisor of 15 and y?
3
Let p be ((-154)/(-10))/((-7)/(-35)). Calculate the highest common divisor of p and 11.
11
Let f(m) = 18*m**3 + m**2. Let t be f(1). Let w = 3 + t. Suppose 0 = -r + 1 + 10. What is the highest common divisor of r and w?
11
Let c(x) = -x**2 + 7*x + 5. Let h be c(8). Let r = h + 27. What is the highest common divisor of r and 3?
3
Let k = 7 - 7. Suppose -3*j + 3*p = -417, 2*p + 8 = -k*p. Calculate the highest common divisor of 15 and j.
15
Suppose 2*k - q = -9 + 175, -5*q - 332 = -4*k. Suppose 5*x = k - 13. What is the highest common factor of 14 and x?
14
Suppose -2*d + 22 = 5*o, 0*d - 5*o = d - 1. Suppose -5*y = -3*u - 10*y + 11, -2 = y. What is the highest common divisor of u and d?
7
Let y = -42 - -59. Let r(x) = -7*x + 3*x**2 + 15 + 28*x - 3*x**2 - x**2. Let w be r(13). Calculate the greatest common factor of w and y.
17
Let z(m) = 2*m**2 - 10*m - 8. Let u be z(6). Calculate the highest common divisor of u and 3.
1
Let t = -33 + 55. Calculate the greatest common divisor of t and 176.
22
Let y(m) be the second derivative of m**4/12 - 2*m**3/3 + m**2 - 2*m. Let l be y(5). What is the highest common factor of l and 63?
7
Let u(x) = 4*x**3 - 5 + 4 + 4*x + 3 - 5*x + 2*x**2. Let t be u(2). Calculate the highest common divisor of 10 and t.
10
Let d be ((-9)/12)/((-12)/32). Calculate the greatest common factor of d and 8.
2
Suppose